(-13)/u?
37
Let k(t) = 23*t**3 + 19*t**2 - 11*t - 12. List the prime factors of k(7).
8731
Let a(b) = 4*b**3 + 4*b**2 - 8*b. Let o be a(3). Let p = o - 32. Let r = p - 78. What are the prime factors of r?
2, 5
Suppose 28 - 23 = 5*r. Let p(c) = -169*c - 7. Let l(o) = -337*o - 13. Let f(k) = -3*l(k) + 5*p(k). List the prime factors of f(r).
2, 5, 17
Suppose 21*j - j = -80*j + 24300. What are the prime factors of j?
3
Suppose 12 = 5*l - c, 1 = 4*l + 5*c + 3. Suppose 13*d - 5302 = l*d. List the prime factors of d.
2, 241
Suppose 13473 = -16*r - 3167. Let n = -452 - r. List the prime factors of n.
2, 3, 7
Suppose -3*c = 2*j + 11, -2*j - j - c = -1. Suppose 2*g + 4350 = 5*o, 4*o - 2461 = -j*g + 1037. What are the prime factors of o?
2, 109
Let z(n) = -354*n - 1683. List the prime factors of z(-84).
3, 1039
Suppose 0 = -5*w + 5*k + 53255, 3*w - k - 53267 = -2*w. What are the prime factors of w?
2, 7, 761
Let j be (4 - (13 + -7))/(2/(-540)). Let d = -206 + j. List the prime factors of d.
2, 167
Suppose 5*s - 839 = 4*u + 173, 0 = -s - 2*u + 194. Let d = s + 256. List the prime factors of d.
2, 3, 19
Let a be (-1 + 1 + -1)/((-3)/(-297)). Let z = a + 453. Let p = -243 + z. List the prime factors of p.
3, 37
Let s = 64 - 167. Let z = s + 194. What are the prime factors of z?
7, 13
List the prime factors of 8/10 + (-4)/8*(-3032928)/20.
2, 7, 677
Suppose c + 165 = 164. Suppose 14 = -4*x + 2, 4*z - 23 = x. List the prime factors of c/z + (-14053)/(-115).
2, 61
Let y(r) = r**2 - 2*r - 5. Let j be y(-2). Suppose j*u = -3*u. Suppose u = 3*v - 2*m - 274, -4*v - 2*m + 254 = -v. What are the prime factors of v?
2, 11
Suppose -6*d - 2*d - 72 = 0. Let i be (-3)/d + ((-48)/9 - -4). Let f(h) = -81*h**3 - h**2 + h + 2. What are the prime factors of f(i)?
3
Suppose 13*x - 14 = 6*x. Suppose 5*f - 7*f - 4 = -2*w, -4*f = -x*w. Suppose -4*g - g - 454 = -w*d, -3*d = -3*g - 342. List the prime factors of d.
2, 29
Suppose -2*q = 8, 13*o = 10*o + 2*q + 842. Let v = o + -233. What are the prime factors of v?
3, 5
Suppose 5*c - 20 = g, 5*g - 14 - 2 = -4*c. Suppose 5*w - 5*d + 5 = g, 0 = 5*d - 10*d - 5. What are the prime factors of (1/w)/(1 - (-225)/(-222))?
37
Let j = 151468 - 106302. What are the prime factors of j?
2, 11, 2053
Let z(a) = -100*a + 165. Let c be (104/(-65))/(4/10) - 3. What are the prime factors of z(c)?
5, 173
Suppose t + 66 = -1135. Let m = t - -1704. What are the prime factors of m?
503
Let j be 2/5 + ((-37)/5 - -4). Let q be j/(-2)*-3*(-22)/(-9). List the prime factors of 2/(-1)*(3 + q).
2
Let q be -12 + 4/((-8)/(-6)). Let i = 6 + q. What are the prime factors of (i/2)/((-6)/268)?
67
List the prime factors of (0 + 0 - 6)*(-3293 - -564).
2, 3, 2729
Let h(c) = -c**2 + 137*c - 189. What are the prime factors of h(39)?
3, 7, 173
What are the prime factors of 9712/10*5375/100?
2, 43, 607
Suppose 0 = -2*a + 4*q + 1796, -3*a + 2676 = -16*q + 19*q. Let o = a - 602. What are the prime factors of o?
2, 73
Suppose f = -2*f - 3*z + 6, f - 2 = z. Let v(l) = -f*l + 36 - 3*l**3 - 35 + l**3 - 3*l**2. List the prime factors of v(-3).
2, 17
Suppose -5*b = 2*r - 1221, -6 = 3*r - 15. Let i = 176 + b. List the prime factors of i.
419
Let i(k) = 17*k - 39. Let f(q) = 2*q**2 + 6*q + 6. Let x(j) = j**3 - 17*j**2 + 18*j - 35. Let r be x(16). Let a be f(r). List the prime factors of i(a).
3, 7
Suppose -3*l = l - 900. Suppose -44 - 26 = -35*k. List the prime factors of (-3)/(-2) + l/k.
2, 3, 19
Suppose 8124 = -7*y + 54268. List the prime factors of y.
2, 103
Suppose 0 = 6*u - 0 - 24. Let t = 16 + u. What are the prime factors of ((-10)/(-4))/(2/t)?
5
Let j(q) be the second derivative of q**4/12 + 2*q**3 - 25*q**2/2 - 3*q. List the prime factors of j(-14).
3
Suppose 0 = 16*t - 21*t + 2925. Suppose -v - t = -6*v. Suppose 3*s = a + 3*a + 117, -3*s + v = -5*a. What are the prime factors of s?
3, 13
Suppose 13*q + 65262 = 317930. List the prime factors of q.
2, 43, 113
Suppose -228*r = -157*r - 690972. What are the prime factors of r?
2, 3, 811
Suppose -5*b = 3*i + 375, -181 = -b + 3*b - 5*i. List the prime factors of (-5187)/b + (-3)/2.
5, 13
Let q(v) = -v**2 - 5*v - 728. Let l be q(0). Let f = l + 1162. List the prime factors of f.
2, 7, 31
Let p(m) = -176*m + 9. Let l(x) = -176*x + 10. Let t(h) = 3*l(h) - 4*p(h). What are the prime factors of t(2)?
2, 173
Let a be ((-13)/(-26))/((-2)/8). Let q be a*(-76)/8 + 3. Let y = q - 2. What are the prime factors of y?
2, 5
Let g(q) = 5*q**3 - 20*q**2 + 54*q - 12. What are the prime factors of g(6)?
2, 3, 7
Let k be (-7308)/306 - (-6)/(-51). Let h = -2 - 4. List the prime factors of (-8)/k - 40/h.
7
Suppose 8 + 20 = 7*f. What are the prime factors of (f*6/32)/(3/1128)?
2, 3, 47
Let c be (24/21)/(16/56). Let l be (-48)/(-12)*1/c + -4. Let j = 97 - l. List the prime factors of j.
2, 5
Let d = 453 - 453. What are the prime factors of (-6)/(-3) + 585 + d?
587
Let a be 14*(6/12 + -4). Let c = a + 189. What are the prime factors of c?
2, 5, 7
Let h(c) = 8*c - 105. Let u(p) = -6*p + 70. Let y(g) = -5*h(g) - 8*u(g). What are the prime factors of y(10)?
3, 5
Let q be 0 + 6/24 + (-7495)/(-20). What are the prime factors of (-56)/(-10)*q/6?
2, 5, 7
Suppose -263 + 11 = -14*t. Suppose t*c - 20*c + h = -573, 5*c - 2*h - 1432 = 0. List the prime factors of c.
2, 11, 13
Let m = 184 - 121. Let q = -64 + m. List the prime factors of q/(6/(-174)) + -4 + 1.
2, 13
Suppose 23*h = -11765 + 247745. List the prime factors of h.
2, 3, 5, 19
Let l be -3*((-7533)/18 + 2/(-4)). Let f = l + -698. What are the prime factors of f?
13, 43
Let w(m) be the second derivative of 13*m**3/3 - 117*m**2/2 - 145*m. List the prime factors of w(6).
3, 13
Let r = -49 - -54. Suppose r*d = -0*d - 380. List the prime factors of (d/12*1)/((-1)/6).
2, 19
Let z(s) = 78*s**2 + 84*s + 843. List the prime factors of z(-10).
3, 17
Suppose 25 = 7*r + 200. Let d = 287 + r. List the prime factors of d.
2, 131
Suppose 0 = -32*t + 866421 + 416171. What are the prime factors of t?
149, 269
Suppose -3*q = -0*q + 4*j - 1516, j = -3*q + 1513. Suppose -q*d = -509*d + 4820. What are the prime factors of d?
2, 241
What are the prime factors of -10 + (16 - 5) + -3 + 18198?
2, 4549
Let j(v) = -14*v + 10*v + 7*v - 13. Let i be j(5). List the prime factors of -1*(i + -1) + 125.
2, 31
Let r(f) be the third derivative of 0 + 5/24*f**4 + 8*f**2 - 11/6*f**3 + 1/15*f**5 + 0*f - 1/120*f**6. What are the prime factors of r(-5)?
3, 7
Let k = 5507 + -911. What are the prime factors of k?
2, 3, 383
Let w = 32299 - -710. What are the prime factors of w?
3, 11003
Let p(h) = h**3 - h**2. Let w be (-1)/3 + (-5)/(-15). Let u be p(w). Suppose u = -j + 29 + 53. What are the prime factors of j?
2, 41
Let x(z) = 24*z + 23. Let i(h) = 96*h + 86. Let y(o) = -6*i(o) + 26*x(o). List the prime factors of y(21).
2, 5, 109
Suppose 8677 = 13*g - 54503. Let h = g + -3104. What are the prime factors of h?
2, 439
Let d(b) = 9*b**2 + 5*b + 44. Let u = 10 + -17. List the prime factors of d(u).
2, 3, 5
Suppose -5*d - 2*n - 201 = 0, 2*d + 0*n = 5*n - 92. Let h = d + 42. List the prime factors of 3*h*(-3 - -37).
2, 3, 17
Let q be (-2*(-3)/(-12))/(2/(-40)). Let g be 40/12*36/q. Let v = 116 - g. List the prime factors of v.
2, 13
Suppose j = 10 - 5. Suppose 84 + 91 = -5*z + 2*a, -j*a = -3*z - 124. Let r = z + 66. What are the prime factors of r?
3, 11
Let w(i) = i - 3. Let c be (-4)/(-18) + (-2330)/(-45). Suppose -3*k + 6*k = -5*p + c, -2*k + 40 = 4*p. What are the prime factors of w(p)?
5
Suppose 0 = -u + 3*j + 13821, -3*j + 69807 = 5*u + 684. List the prime factors of u.
2, 3
Let x = 95 - 90. Suppose 2*h + h = -x*z, 4*z = -3*h. Suppose v + 3*w - 188 = z, w - 2*w = 5*v - 954. What are the prime factors of v?
191
Let h(d) = -47*d - 45. Let i = -294 + 285. List the prime factors of h(i).
2, 3, 7
Suppose -g + 4*q + 9220 = 0, -17084 - 10560 = -3*g - 4*q. List the prime factors of ((-4)/(-3))/(32/g).
2, 3
Let h be 6/8 - (-6)/(96/4). Suppose 3*i = 4*m + h - 12, 0 = m + 2*i. Suppose -5*f = -z + 101, 97 = 3*z - m*z - f. What are the prime factors of z?
2, 3
Let c(y) = y**3 - 6*y**2 + 2*y + 6. Let z be c(6). Suppose -5*u - 1404 = -z*u. List the prime factors of u.
2, 3
Let w = -28 + 211. Let m = w + -120. Let v = m + 116. List the prime factors of v.
179
S